{"id":651,"date":"2024-02-21T19:04:24","date_gmt":"2024-02-21T18:04:24","guid":{"rendered":"https:\/\/salvajearquitectura.com\/?page_id=651"},"modified":"2025-07-21T21:39:33","modified_gmt":"2025-07-21T19:39:33","slug":"estudio-mobile","status":"publish","type":"page","link":"https:\/\/salvajearquitectura.com\/eng\/estudio-mobile\/","title":{"rendered":"Estudio &#8211; mobile"},"content":{"rendered":"<div data-elementor-type=\"wp-page\" data-elementor-id=\"651\" class=\"elementor elementor-651\" data-elementor-post-type=\"page\">\n\t\t\t\t<div class=\"elementor-element elementor-element-fb78917 e-con-full e-flex e-con e-parent\" data-id=\"fb78917\" data-element_type=\"container\" data-settings=\"{&quot;background_background&quot;:&quot;classic&quot;}\">\n\t\t\t\t<div class=\"elementor-element elementor-element-e53d137 elementor-widget elementor-widget-spacer\" data-id=\"e53d137\" data-element_type=\"widget\" data-widget_type=\"spacer.default\">\n\t\t\t\t<div class=\"elementor-widget-container\">\n\t\t\t\t\t\t\t<div class=\"elementor-spacer\">\n\t\t\t<div class=\"elementor-spacer-inner\"><\/div>\n\t\t<\/div>\n\t\t\t\t\t\t<\/div>\n\t\t\t\t<\/div>\n\t\t\t\t<div class=\"elementor-element elementor-element-66da225 elementor-widget elementor-widget-heading\" data-id=\"66da225\" data-element_type=\"widget\" data-widget_type=\"heading.default\">\n\t\t\t\t<div class=\"elementor-widget-container\">\n\t\t\t\t\t<h2 class=\"elementor-heading-title elementor-size-default\">Studio<\/h2>\t\t\t\t<\/div>\n\t\t\t\t<\/div>\n\t\t\t\t<\/div>\n\t\t<div class=\"elementor-element elementor-element-26c82a4 e-flex e-con-boxed e-con e-parent\" data-id=\"26c82a4\" data-element_type=\"container\" data-settings=\"{&quot;background_background&quot;:&quot;classic&quot;}\">\n\t\t\t\t\t<div class=\"e-con-inner\">\n\t\t<div class=\"elementor-element elementor-element-a866bd9 e-con-full e-flex e-con e-child\" data-id=\"a866bd9\" data-element_type=\"container\">\n\t\t\t\t<div class=\"elementor-element elementor-element-4064f68 elementor-widget elementor-widget-heading\" data-id=\"4064f68\" data-element_type=\"widget\" data-widget_type=\"heading.default\">\n\t\t\t\t<div class=\"elementor-widget-container\">\n\t\t\t\t\t<h2 class=\"elementor-heading-title elementor-size-default\"><a href=\"#perfil\">profile<\/a><\/h2>\t\t\t\t<\/div>\n\t\t\t\t<\/div>\n\t\t\t\t<\/div>\n\t\t<div class=\"elementor-element elementor-element-ebc6cba e-con-full e-flex e-con e-child\" data-id=\"ebc6cba\" data-element_type=\"container\">\n\t\t\t\t<div class=\"elementor-element elementor-element-59f0be8 elementor-widget elementor-widget-heading\" data-id=\"59f0be8\" data-element_type=\"widget\" data-widget_type=\"heading.default\">\n\t\t\t\t<div class=\"elementor-widget-container\">\n\t\t\t\t\t<h2 class=\"elementor-heading-title elementor-size-default\"><a href=\"#filosofia\">philosophy<\/a><\/h2>\t\t\t\t<\/div>\n\t\t\t\t<\/div>\n\t\t\t\t<\/div>\n\t\t\t\t\t<\/div>\n\t\t\t\t<\/div>\n\t\t<div class=\"elementor-element elementor-element-fae07a7 e-flex e-con-boxed e-con e-parent\" data-id=\"fae07a7\" data-element_type=\"container\" data-settings=\"{&quot;background_background&quot;:&quot;classic&quot;}\">\n\t\t\t\t\t<div class=\"e-con-inner\">\n\t\t\t\t<div class=\"elementor-element elementor-element-0dd9be2 elementor-widget__width-inherit elementor-widget elementor-widget-image\" data-id=\"0dd9be2\" data-element_type=\"widget\" data-widget_type=\"image.default\">\n\t\t\t\t<div class=\"elementor-widget-container\">\n\t\t\t\t\t\t\t\t\t\t\t\t\t\t\t<img fetchpriority=\"high\" decoding=\"async\" width=\"1920\" height=\"960\" src=\"https:\/\/salvajearquitectura.com\/wp-content\/uploads\/2024\/02\/Estudio_tratado.jpg\" class=\"attachment-full size-full wp-image-553\" alt=\"\" srcset=\"https:\/\/salvajearquitectura.com\/wp-content\/uploads\/2024\/02\/Estudio_tratado.jpg 1920w, https:\/\/salvajearquitectura.com\/wp-content\/uploads\/2024\/02\/Estudio_tratado-300x150.jpg 300w, https:\/\/salvajearquitectura.com\/wp-content\/uploads\/2024\/02\/Estudio_tratado-1024x512.jpg 1024w, https:\/\/salvajearquitectura.com\/wp-content\/uploads\/2024\/02\/Estudio_tratado-768x384.jpg 768w, https:\/\/salvajearquitectura.com\/wp-content\/uploads\/2024\/02\/Estudio_tratado-1536x768.jpg 1536w, https:\/\/salvajearquitectura.com\/wp-content\/uploads\/2024\/02\/Estudio_tratado-18x9.jpg 18w\" sizes=\"(max-width: 1920px) 100vw, 1920px\" \/>\t\t\t\t\t\t\t\t\t\t\t\t\t\t\t<\/div>\n\t\t\t\t<\/div>\n\t\t\t\t<div class=\"elementor-element elementor-element-1484c96 elementor-widget elementor-widget-heading\" data-id=\"1484c96\" data-element_type=\"widget\" id=\"perfil\" data-widget_type=\"heading.default\">\n\t\t\t\t<div class=\"elementor-widget-container\">\n\t\t\t\t\t<h2 class=\"elementor-heading-title elementor-size-default\">Experience the Adventure of Design with Salvaje Arquitectura<\/h2>\t\t\t\t<\/div>\n\t\t\t\t<\/div>\n\t\t\t\t<div class=\"elementor-element elementor-element-c363e66 elementor-widget elementor-widget-text-editor\" data-id=\"c363e66\" data-element_type=\"widget\" data-widget_type=\"text-editor.default\">\n\t\t\t\t<div class=\"elementor-widget-container\">\n\t\t\t\t\t\t\t\t\t<p>We are Salvaje Arquitectura, a tribe of artists passionate about design. Our essence is to live freely and\nbreak with the conventional. Drawing inspiration from nature and the adventures we experience around\nthe world, we create bold, distinctive, and impactful spaces.<\/p>\t\t\t\t\t\t\t\t<\/div>\n\t\t\t\t<\/div>\n\t\t\t\t<div class=\"elementor-element elementor-element-3a8bffd elementor-widget elementor-widget-heading\" data-id=\"3a8bffd\" data-element_type=\"widget\" data-widget_type=\"heading.default\">\n\t\t\t\t<div class=\"elementor-widget-container\">\n\t\t\t\t\t<h2 class=\"elementor-heading-title elementor-size-default\">What We Do<\/h2>\t\t\t\t<\/div>\n\t\t\t\t<\/div>\n\t\t\t\t<div class=\"elementor-element elementor-element-9f2e0e7 elementor-widget elementor-widget-text-editor\" data-id=\"9f2e0e7\" data-element_type=\"widget\" data-widget_type=\"text-editor.default\">\n\t\t\t\t<div class=\"elementor-widget-container\">\n\t\t\t\t\t\t\t\t\t<p>We design spaces that inspire, excite, and challenge, merging nature with the expression of freedom.\nEach project is an adventure that invites you to live and feel alive. We are committed to innovation and\nthe latest trends, creating transformative, sustainable, and socially responsible experiences. We\nharmonize with the environment, connecting people with their emotions and leaving a positive impact on\nthe world.<\/p>\t\t\t\t\t\t\t\t<\/div>\n\t\t\t\t<\/div>\n\t\t\t\t<div class=\"elementor-element elementor-element-7445652 elementor-widget elementor-widget-heading\" data-id=\"7445652\" data-element_type=\"widget\" data-widget_type=\"heading.default\">\n\t\t\t\t<div class=\"elementor-widget-container\">\n\t\t\t\t\t<h2 class=\"elementor-heading-title elementor-size-default\">How We Do It<\/h2>\t\t\t\t<\/div>\n\t\t\t\t<\/div>\n\t\t\t\t<div class=\"elementor-element elementor-element-2663243 elementor-widget elementor-widget-text-editor\" data-id=\"2663243\" data-element_type=\"widget\" data-widget_type=\"text-editor.default\">\n\t\t\t\t<div class=\"elementor-widget-container\">\n\t\t\t\t\t\t\t\t\t<p>Para nosotros, el dise\u00f1o es una forma de vida. Fusionamos la\u00a0<strong>Arquitectura<\/strong>, el\u00a0<strong>Interiorismo<\/strong>\u00a0y el\u00a0<strong>Equipamiento<\/strong>\u00a0con el arte, la m\u00fasica, la fotograf\u00eda y la aventura del descubrir. Creamos un estilo vibrante y \u00fanico. Generamos una conexi\u00f3n especial con nuestros clientes y amigos, compartiendo la pasi\u00f3n por el dise\u00f1o y la naturaleza.<\/p>\t\t\t\t\t\t\t\t<\/div>\n\t\t\t\t<\/div>\n\t\t\t\t<div class=\"elementor-element elementor-element-e7fa33e elementor-widget elementor-widget-image\" data-id=\"e7fa33e\" data-element_type=\"widget\" data-widget_type=\"image.default\">\n\t\t\t\t<div class=\"elementor-widget-container\">\n\t\t\t\t\t\t\t\t\t\t\t\t\t\t\t<img decoding=\"async\" width=\"1024\" height=\"660\" src=\"https:\/\/salvajearquitectura.com\/wp-content\/uploads\/2024\/02\/mascaras-1024x660.jpg\" class=\"attachment-large size-large wp-image-567\" alt=\"\" srcset=\"https:\/\/salvajearquitectura.com\/wp-content\/uploads\/2024\/02\/mascaras-1024x660.jpg 1024w, https:\/\/salvajearquitectura.com\/wp-content\/uploads\/2024\/02\/mascaras-300x193.jpg 300w, https:\/\/salvajearquitectura.com\/wp-content\/uploads\/2024\/02\/mascaras-768x495.jpg 768w, https:\/\/salvajearquitectura.com\/wp-content\/uploads\/2024\/02\/mascaras-18x12.jpg 18w, https:\/\/salvajearquitectura.com\/wp-content\/uploads\/2024\/02\/mascaras.jpg 1374w\" sizes=\"(max-width: 1024px) 100vw, 1024px\" \/>\t\t\t\t\t\t\t\t\t\t\t\t\t\t\t<\/div>\n\t\t\t\t<\/div>\n\t\t\t\t<div class=\"elementor-element elementor-element-1c2d7d1 elementor-widget elementor-widget-spacer\" data-id=\"1c2d7d1\" data-element_type=\"widget\" data-widget_type=\"spacer.default\">\n\t\t\t\t<div class=\"elementor-widget-container\">\n\t\t\t\t\t\t\t<div class=\"elementor-spacer\">\n\t\t\t<div class=\"elementor-spacer-inner\"><\/div>\n\t\t<\/div>\n\t\t\t\t\t\t<\/div>\n\t\t\t\t<\/div>\n\t\t\t\t<div class=\"elementor-element elementor-element-25811c0 elementor-widget elementor-widget-heading\" data-id=\"25811c0\" data-element_type=\"widget\" id=\"filosofia\" data-widget_type=\"heading.default\">\n\t\t\t\t<div class=\"elementor-widget-container\">\n\t\t\t\t\t<h2 class=\"elementor-heading-title elementor-size-default\">Our Philosophy in Six Principles:<\/h2>\t\t\t\t<\/div>\n\t\t\t\t<\/div>\n\t\t\t\t<div class=\"elementor-element elementor-element-e748c74 elementor-widget elementor-widget-text-editor\" data-id=\"e748c74\" data-element_type=\"widget\" data-widget_type=\"text-editor.default\">\n\t\t\t\t<div class=\"elementor-widget-container\">\n\t\t\t\t\t\t\t\t\t<p>Durability: We create architecture that withstands the test of time, both in form and substance. We do not\nfollow passing fads but seek timelessness, legacy, and transcendence.<\/p><p>Preciosi\u00f3n: Hacemos arquitectura que optimiza los recursos y los elementos, sin desperdiciar ni sobrecargar. Dominamos la t\u00e9cnica, pero no nos dejamos dominar por ella. Conseguimos m\u00e1s con menos.<\/p><p>Naturalness: We create architecture that flows with the environment, respects nature, and draws\ninspiration from it. We do not force shapes; we let them be. We draw from the diversity, beauty, and\nwisdom of nature.<\/p><p>Functionality: We create architecture that responds to the needs, desires, and expectations of our clients.\nWe do not create for the sake of creating but to solve, to improve, to transform. <\/p><p>Essentiality: We create architecture that expresses itself with elemental forms, with light and matter. We\ndo not need ornaments, nor artifices, nor excesses. We go to the fundamental, to what matters, to what\nis.<\/p><p>Beauty: We create architecture that seeks emotion, surprise, pleasure. We do not settle for the\nfunctional, the practical, the useful. We want to create a better, more beautiful, more humane world.<\/p>\t\t\t\t\t\t\t\t<\/div>\n\t\t\t\t<\/div>\n\t\t\t\t<div class=\"elementor-element elementor-element-75a71b9 elementor-widget elementor-widget-image\" data-id=\"75a71b9\" data-element_type=\"widget\" data-widget_type=\"image.default\">\n\t\t\t\t<div class=\"elementor-widget-container\">\n\t\t\t\t\t\t\t\t\t\t\t\t\t\t\t<img decoding=\"async\" width=\"1024\" height=\"578\" src=\"https:\/\/salvajearquitectura.com\/wp-content\/uploads\/2024\/02\/campo-1024x578.jpg\" class=\"attachment-large size-large wp-image-583\" alt=\"\" srcset=\"https:\/\/salvajearquitectura.com\/wp-content\/uploads\/2024\/02\/campo-1024x578.jpg 1024w, https:\/\/salvajearquitectura.com\/wp-content\/uploads\/2024\/02\/campo-300x169.jpg 300w, https:\/\/salvajearquitectura.com\/wp-content\/uploads\/2024\/02\/campo-768x434.jpg 768w, https:\/\/salvajearquitectura.com\/wp-content\/uploads\/2024\/02\/campo-18x10.jpg 18w, https:\/\/salvajearquitectura.com\/wp-content\/uploads\/2024\/02\/campo.jpg 1372w\" sizes=\"(max-width: 1024px) 100vw, 1024px\" \/>\t\t\t\t\t\t\t\t\t\t\t\t\t\t\t<\/div>\n\t\t\t\t<\/div>\n\t\t\t\t<div class=\"elementor-element elementor-element-b0803a4 elementor-widget elementor-widget-spacer\" data-id=\"b0803a4\" data-element_type=\"widget\" data-widget_type=\"spacer.default\">\n\t\t\t\t<div class=\"elementor-widget-container\">\n\t\t\t\t\t\t\t<div class=\"elementor-spacer\">\n\t\t\t<div class=\"elementor-spacer-inner\"><\/div>\n\t\t<\/div>\n\t\t\t\t\t\t<\/div>\n\t\t\t\t<\/div>\n\t\t\t\t<div class=\"elementor-element elementor-element-13c85eb elementor-widget elementor-widget-heading\" data-id=\"13c85eb\" data-element_type=\"widget\" data-widget_type=\"heading.default\">\n\t\t\t\t<div class=\"elementor-widget-container\">\n\t\t\t\t\t<h2 class=\"elementor-heading-title elementor-size-default\">Creating Value in Every Project<\/h2>\t\t\t\t<\/div>\n\t\t\t\t<\/div>\n\t\t\t\t<div class=\"elementor-element elementor-element-d101e57 elementor-widget elementor-widget-text-editor\" data-id=\"d101e57\" data-element_type=\"widget\" data-widget_type=\"text-editor.default\">\n\t\t\t\t<div class=\"elementor-widget-container\">\n\t\t\t\t\t\t\t\t\t<p>En cada proyecto, creamos valor para nuestros clientes con soluciones arquitect\u00f3nicas personalizadas, eficientes y ecol\u00f3gicas, adaptadas a sus necesidades, recursos, medio ambiente y contexto. Nuestro proceso se basa en escuchar, investigar, dise\u00f1ar y ejecutar con supervisi\u00f3n y coordinaci\u00f3n meticulosas.<\/p>\t\t\t\t\t\t\t\t<\/div>\n\t\t\t\t<\/div>\n\t\t\t\t<div class=\"elementor-element elementor-element-bb1d74c elementor-widget elementor-widget-heading\" data-id=\"bb1d74c\" data-element_type=\"widget\" data-widget_type=\"heading.default\">\n\t\t\t\t<div class=\"elementor-widget-container\">\n\t\t\t\t\t<h2 class=\"elementor-heading-title elementor-size-default\">A Recognized Trajectory<\/h2>\t\t\t\t<\/div>\n\t\t\t\t<\/div>\n\t\t\t\t<div class=\"elementor-element elementor-element-1fa71e1 elementor-widget elementor-widget-text-editor\" data-id=\"1fa71e1\" data-element_type=\"widget\" data-widget_type=\"text-editor.default\">\n\t\t\t\t<div class=\"elementor-widget-container\">\n\t\t\t\t\t\t\t\t\t<p>Our track record of over 10 years has allowed us to develop projects ranging from single-family homes to\ntourist complexes. Recognized for their innovative design, sustainable use of resources, and social\nimpact.<br \/>Reconocidos por su dise\u00f1o innovador, uso sostenible de los recursos y su impacto social.<\/p>\t\t\t\t\t\t\t\t<\/div>\n\t\t\t\t<\/div>\n\t\t\t\t<div class=\"elementor-element elementor-element-3d74e3c elementor-widget elementor-widget-heading\" data-id=\"3d74e3c\" data-element_type=\"widget\" data-widget_type=\"heading.default\">\n\t\t\t\t<div class=\"elementor-widget-container\">\n\t\t\t\t\t<h2 class=\"elementor-heading-title elementor-size-default\">Global Vision, Local Collaboration<\/h2>\t\t\t\t<\/div>\n\t\t\t\t<\/div>\n\t\t\t\t<div class=\"elementor-element elementor-element-e17c714 elementor-widget elementor-widget-text-editor\" data-id=\"e17c714\" data-element_type=\"widget\" data-widget_type=\"text-editor.default\">\n\t\t\t\t<div class=\"elementor-widget-container\">\n\t\t\t\t\t\t\t\t\t<p>Extendemos nuestra visi\u00f3n m\u00e1s all\u00e1 de las fronteras, colaborando con los mejores profesionales del sector en Argentina, M\u00e9xico, Espe\u00f1a y Estados Unidos, entre otros lugares. \u00a1Descubre la esencia de la libertad en el dise\u00f1o con Salvaje Arquitectura!<\/p>\t\t\t\t\t\t\t\t<\/div>\n\t\t\t\t<\/div>\n\t\t\t\t<div class=\"elementor-element elementor-element-c8470cc elementor-widget elementor-widget-heading\" data-id=\"c8470cc\" data-element_type=\"widget\" data-widget_type=\"heading.default\">\n\t\t\t\t<div class=\"elementor-widget-container\">\n\t\t\t\t\t<h2 class=\"elementor-heading-title elementor-size-default\">|&nbsp;&nbsp; El Dise\u00f1o que Te Hace Sentir Vivo&nbsp;&nbsp; |<\/h2>\t\t\t\t<\/div>\n\t\t\t\t<\/div>\n\t\t\t\t<div class=\"elementor-element elementor-element-05074b4 elementor-widget elementor-widget-spacer\" data-id=\"05074b4\" data-element_type=\"widget\" data-widget_type=\"spacer.default\">\n\t\t\t\t<div class=\"elementor-widget-container\">\n\t\t\t\t\t\t\t<div class=\"elementor-spacer\">\n\t\t\t<div class=\"elementor-spacer-inner\"><\/div>\n\t\t<\/div>\n\t\t\t\t\t\t<\/div>\n\t\t\t\t<\/div>\n\t\t\t\t\t<\/div>\n\t\t\t\t<\/div>\n\t\t\t\t<\/div>","protected":false},"excerpt":{"rendered":"<p>estudio Perfil Filosof\u00eda Vive la Aventura del Dise\u00f1o con Salvaje Arquitectura Somos Salvaje Arquitectura, una tribu de artistas apasionados por [&hellip;]<\/p>","protected":false},"author":1,"featured_media":0,"parent":0,"menu_order":0,"comment_status":"closed","ping_status":"closed","template":"","meta":{"_acf_changed":false,"site-sidebar-layout":"no-sidebar","site-content-layout":"","ast-site-content-layout":"full-width-container","site-content-style":"default","site-sidebar-style":"default","ast-global-header-display":"","ast-banner-title-visibility":"disabled","ast-main-header-display":"disabled","ast-hfb-above-header-display":"","ast-hfb-below-header-display":"","ast-hfb-mobile-header-display":"disabled","site-post-title":"disabled","ast-breadcrumbs-content":"disabled","ast-featured-img":"disabled","footer-sml-layout":"disabled","ast-disable-related-posts":"","theme-transparent-header-meta":"default","adv-header-id-meta":"","stick-header-meta":"","header-above-stick-meta":"","header-main-stick-meta":"","header-below-stick-meta":"","astra-migrate-meta-layouts":"set","ast-page-background-enabled":"default","ast-page-background-meta":{"desktop":{"background-color":"var(--ast-global-color-4)","background-image":"","background-repeat":"repeat","background-position":"center center","background-size":"auto","background-attachment":"scroll","background-type":"","background-media":"","overlay-type":"","overlay-color":"","overlay-opacity":"","overlay-gradient":""},"tablet":{"background-color":"","background-image":"","background-repeat":"repeat","background-position":"center center","background-size":"auto","background-attachment":"scroll","background-type":"","background-media":"","overlay-type":"","overlay-color":"","overlay-opacity":"","overlay-gradient":""},"mobile":{"background-color":"","background-image":"","background-repeat":"repeat","background-position":"center center","background-size":"auto","background-attachment":"scroll","background-type":"","background-media":"","overlay-type":"","overlay-color":"","overlay-opacity":"","overlay-gradient":""}},"ast-content-background-meta":{"desktop":{"background-color":"var(--ast-global-color-5)","background-image":"","background-repeat":"repeat","background-position":"center center","background-size":"auto","background-attachment":"scroll","background-type":"","background-media":"","overlay-type":"","overlay-color":"","overlay-opacity":"","overlay-gradient":""},"tablet":{"background-color":"var(--ast-global-color-5)","background-image":"","background-repeat":"repeat","background-position":"center center","background-size":"auto","background-attachment":"scroll","background-type":"","background-media":"","overlay-type":"","overlay-color":"","overlay-opacity":"","overlay-gradient":""},"mobile":{"background-color":"var(--ast-global-color-5)","background-image":"","background-repeat":"repeat","background-position":"center center","background-size":"auto","background-attachment":"scroll","background-type":"","background-media":"","overlay-type":"","overlay-color":"","overlay-opacity":"","overlay-gradient":""}},"footnotes":""},"class_list":["post-651","page","type-page","status-publish","hentry"],"acf":[],"_links":{"self":[{"href":"https:\/\/salvajearquitectura.com\/eng\/wp-json\/wp\/v2\/pages\/651","targetHints":{"allow":["GET"]}}],"collection":[{"href":"https:\/\/salvajearquitectura.com\/eng\/wp-json\/wp\/v2\/pages"}],"about":[{"href":"https:\/\/salvajearquitectura.com\/eng\/wp-json\/wp\/v2\/types\/page"}],"author":[{"embeddable":true,"href":"https:\/\/salvajearquitectura.com\/eng\/wp-json\/wp\/v2\/users\/1"}],"replies":[{"embeddable":true,"href":"https:\/\/salvajearquitectura.com\/eng\/wp-json\/wp\/v2\/comments?post=651"}],"version-history":[{"count":91,"href":"https:\/\/salvajearquitectura.com\/eng\/wp-json\/wp\/v2\/pages\/651\/revisions"}],"predecessor-version":[{"id":2038,"href":"https:\/\/salvajearquitectura.com\/eng\/wp-json\/wp\/v2\/pages\/651\/revisions\/2038"}],"wp:attachment":[{"href":"https:\/\/salvajearquitectura.com\/eng\/wp-json\/wp\/v2\/media?parent=651"}],"curies":[{"name":"wp","href":"https:\/\/api.w.org\/{rel}","templated":true}]}}